{"id":158,"date":"2023-03-10T12:50:14","date_gmt":"2023-03-10T12:50:14","guid":{"rendered":"http:\/\/localhost\/multilayer\/?page_id=158"},"modified":"2025-08-10T10:33:07","modified_gmt":"2025-08-10T10:33:07","slug":"home","status":"publish","type":"page","link":"https:\/\/www.wandapps.com\/multilayer\/","title":{"rendered":"Home"},"content":{"rendered":"\t\t<div data-elementor-type=\"wp-page\" data-elementor-id=\"158\" class=\"elementor elementor-158\">\n\t\t\t\t\t\t\t\t\t<section class=\"elementor-section elementor-top-section elementor-element elementor-element-9ec1f7e elementor-section-boxed elementor-section-height-default elementor-section-height-default\" data-id=\"9ec1f7e\" data-element_type=\"section\">\n\t\t\t\t\t\t<div class=\"elementor-container elementor-column-gap-default\">\n\t\t\t\t\t<div class=\"elementor-column elementor-col-100 elementor-top-column elementor-element elementor-element-48868b4\" data-id=\"48868b4\" data-element_type=\"column\">\n\t\t\t<div class=\"elementor-widget-wrap elementor-element-populated\">\n\t\t\t\t\t\t\t\t<div class=\"elementor-element elementor-element-fafac26 elementor-widget elementor-widget-shortcode\" data-id=\"fafac26\" data-element_type=\"widget\" data-widget_type=\"shortcode.default\">\n\t\t\t\t<div class=\"elementor-widget-container\">\n\t\t\t\t\t<div class=\"elementor-shortcode\"><\/div>\n\t\t\t\t<\/div>\n\t\t\t\t<\/div>\n\t\t\t\t\t<\/div>\n\t\t<\/div>\n\t\t\t\t\t\t\t<\/div>\n\t\t<\/section>\n\t\t\t\t<section class=\"elementor-section elementor-top-section elementor-element elementor-element-36bd58d elementor-section-full_width elementor-section-stretched elementor-section-height-default elementor-section-height-default\" data-id=\"36bd58d\" data-element_type=\"section\" data-settings=\"{&quot;stretch_section&quot;:&quot;section-stretched&quot;,&quot;background_background&quot;:&quot;classic&quot;}\">\n\t\t\t\t\t\t<div class=\"elementor-container elementor-column-gap-default\">\n\t\t\t\t\t<div class=\"elementor-column elementor-col-100 elementor-top-column elementor-element elementor-element-e96cdef\" data-id=\"e96cdef\" data-element_type=\"column\" data-settings=\"{&quot;background_background&quot;:&quot;classic&quot;}\">\n\t\t\t<div class=\"elementor-widget-wrap elementor-element-populated\">\n\t\t\t\t\t<div class=\"elementor-background-overlay\"><\/div>\n\t\t\t\t\t\t\t\t<div class=\"elementor-element elementor-element-d7dc02f elementor-widget elementor-widget-heading\" data-id=\"d7dc02f\" data-element_type=\"widget\" data-widget_type=\"heading.default\">\n\t\t\t\t<div class=\"elementor-widget-container\">\n\t\t\t<style>\/*! elementor - v3.11.4 - 12-03-2023 *\/\n.elementor-heading-title{padding:0;margin:0;line-height:1}.elementor-widget-heading .elementor-heading-title[class*=elementor-size-]>a{color:inherit;font-size:inherit;line-height:inherit}.elementor-widget-heading .elementor-heading-title.elementor-size-small{font-size:15px}.elementor-widget-heading .elementor-heading-title.elementor-size-medium{font-size:19px}.elementor-widget-heading .elementor-heading-title.elementor-size-large{font-size:29px}.elementor-widget-heading .elementor-heading-title.elementor-size-xl{font-size:39px}.elementor-widget-heading .elementor-heading-title.elementor-size-xxl{font-size:59px}<\/style><h1 class=\"elementor-heading-title elementor-size-default\">FULL FEATURED PHOTO EDITOR<\/h1>\t\t<\/div>\n\t\t\t\t<\/div>\n\t\t\t\t<div class=\"elementor-element elementor-element-4bc1a15 elementor-widget elementor-widget-heading\" data-id=\"4bc1a15\" data-element_type=\"widget\" data-widget_type=\"heading.default\">\n\t\t\t\t<div class=\"elementor-widget-container\">\n\t\t\t<h1 class=\"elementor-heading-title elementor-size-default\">FOR ANDROID<\/h1>\t\t<\/div>\n\t\t\t\t<\/div>\n\t\t\t\t\t<\/div>\n\t\t<\/div>\n\t\t\t\t\t\t\t<\/div>\n\t\t<\/section>\n\t\t\t\t<section class=\"elementor-section elementor-top-section elementor-element elementor-element-ee5455a elementor-section-boxed elementor-section-height-default elementor-section-height-default\" data-id=\"ee5455a\" data-element_type=\"section\">\n\t\t\t\t\t\t<div class=\"elementor-container elementor-column-gap-default\">\n\t\t\t\t\t<div class=\"elementor-column elementor-col-100 elementor-top-column elementor-element elementor-element-362a178\" data-id=\"362a178\" data-element_type=\"column\">\n\t\t\t<div class=\"elementor-widget-wrap elementor-element-populated\">\n\t\t\t\t\t\t\t\t<section class=\"elementor-section elementor-inner-section elementor-element elementor-element-33b907d elementor-section-boxed elementor-section-height-default elementor-section-height-default\" data-id=\"33b907d\" data-element_type=\"section\">\n\t\t\t\t\t\t<div class=\"elementor-container elementor-column-gap-default\">\n\t\t\t\t\t<div class=\"elementor-column elementor-col-100 elementor-inner-column elementor-element elementor-element-da252bb\" data-id=\"da252bb\" data-element_type=\"column\">\n\t\t\t<div class=\"elementor-widget-wrap elementor-element-populated\">\n\t\t\t\t\t\t\t\t<div class=\"elementor-element elementor-element-65f7891 elementor-widget elementor-widget-heading\" data-id=\"65f7891\" data-element_type=\"widget\" data-widget_type=\"heading.default\">\n\t\t\t\t<div class=\"elementor-widget-container\">\n\t\t\t<h2 class=\"elementor-heading-title elementor-size-default\">MULTIPLE LAYERS<\/h2>\t\t<\/div>\n\t\t\t\t<\/div>\n\t\t\t\t\t<\/div>\n\t\t<\/div>\n\t\t\t\t\t\t\t<\/div>\n\t\t<\/section>\n\t\t\t\t<div class=\"elementor-element elementor-element-334ee9b elementor-widget elementor-widget-text-editor\" data-id=\"334ee9b\" data-element_type=\"widget\" data-widget_type=\"text-editor.default\">\n\t\t\t\t<div class=\"elementor-widget-container\">\n\t\t\t<style>\/*! elementor - v3.11.4 - 12-03-2023 *\/\n.elementor-widget-text-editor.elementor-drop-cap-view-stacked .elementor-drop-cap{background-color:#818a91;color:#fff}.elementor-widget-text-editor.elementor-drop-cap-view-framed .elementor-drop-cap{color:#818a91;border:3px solid;background-color:transparent}.elementor-widget-text-editor:not(.elementor-drop-cap-view-default) .elementor-drop-cap{margin-top:8px}.elementor-widget-text-editor:not(.elementor-drop-cap-view-default) .elementor-drop-cap-letter{width:1em;height:1em}.elementor-widget-text-editor .elementor-drop-cap{float:left;text-align:center;line-height:1;font-size:50px}.elementor-widget-text-editor .elementor-drop-cap-letter{display:inline-block}<\/style>\t\t\t\t<p>Edit each layer independently. Manage Transparency. Erase Background. Merge Layers&#8230;<\/p>\t\t\t\t\t\t<\/div>\n\t\t\t\t<\/div>\n\t\t\t\t<section class=\"elementor-section elementor-inner-section elementor-element elementor-element-42b0779 elementor-section-boxed elementor-section-height-default elementor-section-height-default\" data-id=\"42b0779\" data-element_type=\"section\">\n\t\t\t\t\t\t<div class=\"elementor-container elementor-column-gap-default\">\n\t\t\t\t\t<div class=\"elementor-column elementor-col-25 elementor-inner-column elementor-element elementor-element-851f1fe\" data-id=\"851f1fe\" data-element_type=\"column\">\n\t\t\t<div class=\"elementor-widget-wrap elementor-element-populated\">\n\t\t\t\t\t\t\t\t<div class=\"elementor-element elementor-element-dee3263 elementor-widget elementor-widget-image\" data-id=\"dee3263\" data-element_type=\"widget\" data-widget_type=\"image.default\">\n\t\t\t\t<div class=\"elementor-widget-container\">\n\t\t\t<style>\/*! elementor - v3.11.4 - 12-03-2023 *\/\n.elementor-widget-image{text-align:center}.elementor-widget-image a{display:inline-block}.elementor-widget-image a img[src$=\".svg\"]{width:48px}.elementor-widget-image img{vertical-align:middle;display:inline-block}<\/style>\t\t\t\t\t\t\t\t\t\t\t\t<img decoding=\"async\" width=\"96\" height=\"96\" src=\"https:\/\/www.wandapps.com\/multilayer\/wp-content\/uploads\/2016\/05\/ic_tune_black_48dp_2x.png\" class=\"attachment-thumbnail size-thumbnail wp-image-98\" alt=\"\" loading=\"lazy\" \/>\t\t\t\t\t\t\t\t\t\t\t\t\t\t\t<\/div>\n\t\t\t\t<\/div>\n\t\t\t\t<div class=\"elementor-element elementor-element-2385a0f elementor-widget elementor-widget-heading\" data-id=\"2385a0f\" data-element_type=\"widget\" data-widget_type=\"heading.default\">\n\t\t\t\t<div class=\"elementor-widget-container\">\n\t\t\t<h2 class=\"elementor-heading-title elementor-size-default\">SETTINGS<\/h2>\t\t<\/div>\n\t\t\t\t<\/div>\n\t\t\t\t<div class=\"elementor-element elementor-element-5a914b4 elementor-widget elementor-widget-text-editor\" data-id=\"5a914b4\" data-element_type=\"widget\" data-widget_type=\"text-editor.default\">\n\t\t\t\t<div class=\"elementor-widget-container\">\n\t\t\t\t\t\t\t<p>Adjust Brightness, Contrast, Saturation, Hue and RGB levels<\/p>\t\t\t\t\t\t<\/div>\n\t\t\t\t<\/div>\n\t\t\t\t\t<\/div>\n\t\t<\/div>\n\t\t\t\t<div class=\"elementor-column elementor-col-25 elementor-inner-column elementor-element elementor-element-cc7bb16\" data-id=\"cc7bb16\" data-element_type=\"column\">\n\t\t\t<div class=\"elementor-widget-wrap elementor-element-populated\">\n\t\t\t\t\t\t\t\t<div class=\"elementor-element elementor-element-e0884ae elementor-widget elementor-widget-image\" data-id=\"e0884ae\" data-element_type=\"widget\" data-widget_type=\"image.default\">\n\t\t\t\t<div class=\"elementor-widget-container\">\n\t\t\t\t\t\t\t\t\t\t\t\t\t\t\t<img decoding=\"async\" width=\"96\" height=\"96\" src=\"https:\/\/www.wandapps.com\/multilayer\/wp-content\/uploads\/2016\/05\/ic_crop_original_black_48dp_2x.png\" class=\"attachment-thumbnail size-thumbnail wp-image-101\" alt=\"\" loading=\"lazy\" \/>\t\t\t\t\t\t\t\t\t\t\t\t\t\t\t<\/div>\n\t\t\t\t<\/div>\n\t\t\t\t<div class=\"elementor-element elementor-element-7b7e88a elementor-widget elementor-widget-heading\" data-id=\"7b7e88a\" data-element_type=\"widget\" data-widget_type=\"heading.default\">\n\t\t\t\t<div class=\"elementor-widget-container\">\n\t\t\t<h2 class=\"elementor-heading-title elementor-size-default\">FRAMES<\/h2>\t\t<\/div>\n\t\t\t\t<\/div>\n\t\t\t\t<div class=\"elementor-element elementor-element-797ea9c elementor-widget elementor-widget-text-editor\" data-id=\"797ea9c\" data-element_type=\"widget\" data-widget_type=\"text-editor.default\">\n\t\t\t\t<div class=\"elementor-widget-container\">\n\t\t\t\t\t\t\t<div class=\"col-lg-3 col-sm-3 focus-box\" data-scrollreveal=\"enter left after 0.15s over 1s\" data-sr-init=\"true\" data-sr-complete=\"true\">\n<p>Hundreds of frames available to download and apply to your photos.<\/p>\n<\/div>\t\t\t\t\t\t<\/div>\n\t\t\t\t<\/div>\n\t\t\t\t\t<\/div>\n\t\t<\/div>\n\t\t\t\t<div class=\"elementor-column elementor-col-25 elementor-inner-column elementor-element elementor-element-a9106b5\" data-id=\"a9106b5\" data-element_type=\"column\">\n\t\t\t<div class=\"elementor-widget-wrap elementor-element-populated\">\n\t\t\t\t\t\t\t\t<div class=\"elementor-element elementor-element-46b5e92 elementor-widget elementor-widget-image\" data-id=\"46b5e92\" data-element_type=\"widget\" data-widget_type=\"image.default\">\n\t\t\t\t<div class=\"elementor-widget-container\">\n\t\t\t\t\t\t\t\t\t\t\t\t\t\t\t<img decoding=\"async\" width=\"96\" height=\"96\" src=\"https:\/\/www.wandapps.com\/multilayer\/wp-content\/uploads\/2016\/05\/ic_photo_filter_black_48dp_2x.png\" class=\"attachment-thumbnail size-thumbnail wp-image-99\" alt=\"\" loading=\"lazy\" \/>\t\t\t\t\t\t\t\t\t\t\t\t\t\t\t<\/div>\n\t\t\t\t<\/div>\n\t\t\t\t<div class=\"elementor-element elementor-element-f9d1ee2 elementor-widget elementor-widget-heading\" data-id=\"f9d1ee2\" data-element_type=\"widget\" data-widget_type=\"heading.default\">\n\t\t\t\t<div class=\"elementor-widget-container\">\n\t\t\t<h2 class=\"elementor-heading-title elementor-size-default\">FILTERS<\/h2>\t\t<\/div>\n\t\t\t\t<\/div>\n\t\t\t\t<div class=\"elementor-element elementor-element-a0275e3 elementor-widget elementor-widget-text-editor\" data-id=\"a0275e3\" data-element_type=\"widget\" data-widget_type=\"text-editor.default\">\n\t\t\t\t<div class=\"elementor-widget-container\">\n\t\t\t\t\t\t\t<div class=\"col-lg-3 col-sm-3 focus-box\" data-scrollreveal=\"enter left after 0.15s over 1s\" data-sr-init=\"true\" data-sr-complete=\"true\">\n<p>Smooth, blur, mosaic, sharpen, invert (negative), binary, vignette, grayscales, sepia, vintage filters, etc \u2026 Hundreds of filters available!<\/p>\n<\/div>\t\t\t\t\t\t<\/div>\n\t\t\t\t<\/div>\n\t\t\t\t\t<\/div>\n\t\t<\/div>\n\t\t\t\t<div class=\"elementor-column elementor-col-25 elementor-inner-column elementor-element elementor-element-6c6f1a6\" data-id=\"6c6f1a6\" data-element_type=\"column\">\n\t\t\t<div class=\"elementor-widget-wrap elementor-element-populated\">\n\t\t\t\t\t\t\t\t<div class=\"elementor-element elementor-element-04979b9 elementor-widget elementor-widget-image\" data-id=\"04979b9\" data-element_type=\"widget\" data-widget_type=\"image.default\">\n\t\t\t\t<div class=\"elementor-widget-container\">\n\t\t\t\t\t\t\t\t\t\t\t\t\t\t\t<img decoding=\"async\" width=\"96\" height=\"96\" src=\"https:\/\/www.wandapps.com\/multilayer\/wp-content\/uploads\/2016\/05\/ic_more_vert_black_48dp_2x.png\" class=\"attachment-thumbnail size-thumbnail wp-image-100\" alt=\"\" loading=\"lazy\" \/>\t\t\t\t\t\t\t\t\t\t\t\t\t\t\t<\/div>\n\t\t\t\t<\/div>\n\t\t\t\t<div class=\"elementor-element elementor-element-44fc985 elementor-widget elementor-widget-heading\" data-id=\"44fc985\" data-element_type=\"widget\" data-widget_type=\"heading.default\">\n\t\t\t\t<div class=\"elementor-widget-container\">\n\t\t\t<h2 class=\"elementor-heading-title elementor-size-default\">AND MUCH MORE<\/h2>\t\t<\/div>\n\t\t\t\t<\/div>\n\t\t\t\t<div class=\"elementor-element elementor-element-82259f8 elementor-widget elementor-widget-text-editor\" data-id=\"82259f8\" data-element_type=\"widget\" data-widget_type=\"text-editor.default\">\n\t\t\t\t<div class=\"elementor-widget-container\">\n\t\t\t\t\t\t\t<div class=\"col-lg-3 col-sm-3 focus-box\" data-scrollreveal=\"enter left after 0.15s over 1s\" data-sr-init=\"true\" data-sr-complete=\"true\">\n<section id=\"focus\" class=\"focus\">\n<div class=\"container\">\n<div class=\"row\">\n<div class=\"col-lg-3 col-sm-3 focus-box\" data-scrollreveal=\"enter left after 0.15s over 1s\" data-sr-init=\"true\" data-sr-complete=\"true\">\n<p>Scale, Rotate, Flip, Crop, Paint, Erase Background, Add Text, Shapes, Overlays, Stickers, Undo\/Redo (History), Merge layers, \u2026<\/p>\n<\/div>\n<\/div>\n<\/div>\n<\/section>\n<\/div>\t\t\t\t\t\t<\/div>\n\t\t\t\t<\/div>\n\t\t\t\t\t<\/div>\n\t\t<\/div>\n\t\t\t\t\t\t\t<\/div>\n\t\t<\/section>\n\t\t\t\t\t<\/div>\n\t\t<\/div>\n\t\t\t\t\t\t\t<\/div>\n\t\t<\/section>\n\t\t\t\t<section class=\"elementor-section elementor-top-section elementor-element elementor-element-d250672 elementor-section-full_width elementor-section-stretched elementor-section-height-default elementor-section-height-default\" data-id=\"d250672\" data-element_type=\"section\" data-settings=\"{&quot;stretch_section&quot;:&quot;section-stretched&quot;}\">\n\t\t\t\t\t\t<div class=\"elementor-container elementor-column-gap-default\">\n\t\t\t\t\t<div class=\"elementor-column elementor-col-100 elementor-top-column elementor-element elementor-element-fb6cd47\" data-id=\"fb6cd47\" data-element_type=\"column\" data-settings=\"{&quot;background_background&quot;:&quot;classic&quot;}\">\n\t\t\t<div class=\"elementor-widget-wrap elementor-element-populated\">\n\t\t\t\t\t<div class=\"elementor-background-overlay\"><\/div>\n\t\t\t\t\t\t\t\t<section class=\"elementor-section elementor-inner-section elementor-element elementor-element-b27a79b elementor-section-full_width elementor-section-height-default elementor-section-height-default\" data-id=\"b27a79b\" data-element_type=\"section\">\n\t\t\t\t\t\t<div class=\"elementor-container elementor-column-gap-default\">\n\t\t\t\t\t<div class=\"elementor-column elementor-col-100 elementor-inner-column elementor-element elementor-element-3a46aa3\" data-id=\"3a46aa3\" data-element_type=\"column\">\n\t\t\t<div class=\"elementor-widget-wrap elementor-element-populated\">\n\t\t\t\t\t\t\t\t<div class=\"elementor-element elementor-element-312ed85 elementor-widget elementor-widget-heading\" data-id=\"312ed85\" data-element_type=\"widget\" data-widget_type=\"heading.default\">\n\t\t\t\t<div class=\"elementor-widget-container\">\n\t\t\t<h2 class=\"elementor-heading-title elementor-size-default\">GET IT NOW ON GOOGLE PLAY\n<\/h2>\t\t<\/div>\n\t\t\t\t<\/div>\n\t\t\t\t\t<\/div>\n\t\t<\/div>\n\t\t\t\t\t\t\t<\/div>\n\t\t<\/section>\n\t\t\t\t<div class=\"elementor-element elementor-element-48b2a55 elementor-align-center elementor-widget elementor-widget-button\" data-id=\"48b2a55\" data-element_type=\"widget\" data-widget_type=\"button.default\">\n\t\t\t\t<div class=\"elementor-widget-container\">\n\t\t\t\t\t<div class=\"elementor-button-wrapper\">\n\t\t\t<a href=\"https:\/\/play.google.com\/store\/apps\/details?id=com.wandapps.multilayerphoto\" class=\"elementor-button-link elementor-button elementor-size-lg\" role=\"button\">\n\t\t\t\t\t\t<span class=\"elementor-button-content-wrapper\">\n\t\t\t\t\t\t<span class=\"elementor-button-text\">DOWNLOAD<\/span>\n\t\t<\/span>\n\t\t\t\t\t<\/a>\n\t\t<\/div>\n\t\t\t\t<\/div>\n\t\t\t\t<\/div>\n\t\t\t\t\t<\/div>\n\t\t<\/div>\n\t\t\t\t\t\t\t<\/div>\n\t\t<\/section>\n\t\t\t\t<section class=\"elementor-section elementor-top-section elementor-element elementor-element-12e2519 elementor-section-boxed elementor-section-height-default elementor-section-height-default\" data-id=\"12e2519\" data-element_type=\"section\">\n\t\t\t\t\t\t<div class=\"elementor-container elementor-column-gap-default\">\n\t\t\t\t\t<div class=\"elementor-column elementor-col-100 elementor-top-column elementor-element elementor-element-3280da0\" data-id=\"3280da0\" data-element_type=\"column\">\n\t\t\t<div class=\"elementor-widget-wrap elementor-element-populated\">\n\t\t\t\t\t\t\t\t<div class=\"elementor-element elementor-element-1d77cdd elementor-widget elementor-widget-shortcode\" data-id=\"1d77cdd\" data-element_type=\"widget\" data-widget_type=\"shortcode.default\">\n\t\t\t\t<div class=\"elementor-widget-container\">\n\t\t\t\t\t<div class=\"elementor-shortcode\"><div class=\"pt-cv-wrapper\"><div class=\"pt-cv-view pt-cv-grid pt-cv-colsys\" id=\"pt-cv-view-4499159ifg\"><div data-id=\"pt-cv-page-1\" class=\"pt-cv-page\" data-cvc=\"3\"><div class=\"col-md-4 col-sm-6 col-xs-12 pt-cv-content-item pt-cv-1-col\" ><div class='pt-cv-ifield'><a href=\"https:\/\/www.wandapps.com\/multilayer\/intro-video-es\/\" class=\"_self pt-cv-href-thumbnail pt-cv-thumb-default\" target=\"_self\" ><img width=\"150\" height=\"150\" src=\"https:\/\/www.wandapps.com\/multilayer\/wp-content\/uploads\/2016\/05\/YouTube-icon-full_color-150x150.png\" class=\"pt-cv-thumbnail\" alt=\"\" decoding=\"async\" loading=\"lazy\" srcset=\"https:\/\/www.wandapps.com\/multilayer\/wp-content\/uploads\/2016\/05\/YouTube-icon-full_color-150x150.png 150w, https:\/\/www.wandapps.com\/multilayer\/wp-content\/uploads\/2016\/05\/YouTube-icon-full_color-250x250.png 250w, https:\/\/www.wandapps.com\/multilayer\/wp-content\/uploads\/2016\/05\/YouTube-icon-full_color-174x174.png 174w\" sizes=\"(max-width: 150px) 100vw, 150px\" \/><\/a>\n<h4 class=\"pt-cv-title\"><a href=\"https:\/\/www.wandapps.com\/multilayer\/intro-video-es\/\" class=\"_self\" target=\"_self\" >Intro Video (Espa\u00f1ol)<\/a><\/h4>\n<div class=\"pt-cv-content\">V\u00eddeo de introducci\u00f3n con textos en espa\u00f1ol: ...<br \/><a href=\"https:\/\/www.wandapps.com\/multilayer\/intro-video-es\/\" class=\"_self pt-cv-readmore btn btn-success\" target=\"_self\">Read More<\/a><\/div><\/div><\/div>\n<div class=\"col-md-4 col-sm-6 col-xs-12 pt-cv-content-item pt-cv-1-col\" ><div class='pt-cv-ifield'><a href=\"https:\/\/www.wandapps.com\/multilayer\/intro-video\/\" class=\"_self pt-cv-href-thumbnail pt-cv-thumb-default\" target=\"_self\" ><img width=\"150\" height=\"150\" src=\"https:\/\/www.wandapps.com\/multilayer\/wp-content\/uploads\/2016\/05\/YouTube-icon-full_color-150x150.png\" class=\"pt-cv-thumbnail\" alt=\"\" decoding=\"async\" loading=\"lazy\" srcset=\"https:\/\/www.wandapps.com\/multilayer\/wp-content\/uploads\/2016\/05\/YouTube-icon-full_color-150x150.png 150w, https:\/\/www.wandapps.com\/multilayer\/wp-content\/uploads\/2016\/05\/YouTube-icon-full_color-250x250.png 250w, https:\/\/www.wandapps.com\/multilayer\/wp-content\/uploads\/2016\/05\/YouTube-icon-full_color-174x174.png 174w\" sizes=\"(max-width: 150px) 100vw, 150px\" \/><\/a>\n<h4 class=\"pt-cv-title\"><a href=\"https:\/\/www.wandapps.com\/multilayer\/intro-video\/\" class=\"_self\" target=\"_self\" >Intro Video (English)<\/a><\/h4>\n<div class=\"pt-cv-content\">Intro Video with english texts: ...<br \/><a href=\"https:\/\/www.wandapps.com\/multilayer\/intro-video\/\" class=\"_self pt-cv-readmore btn btn-success\" target=\"_self\">Read More<\/a><\/div><\/div><\/div>\n<div class=\"col-md-4 col-sm-6 col-xs-12 pt-cv-content-item pt-cv-1-col\" ><div class='pt-cv-ifield'><a href=\"https:\/\/www.wandapps.com\/multilayer\/description-es\/\" class=\"_self pt-cv-href-thumbnail pt-cv-thumb-default\" target=\"_self\" ><img width=\"150\" height=\"150\" src=\"https:\/\/www.wandapps.com\/multilayer\/wp-content\/uploads\/2016\/05\/full_es-150x150.png\" class=\"pt-cv-thumbnail\" alt=\"\" decoding=\"async\" loading=\"lazy\" srcset=\"https:\/\/www.wandapps.com\/multilayer\/wp-content\/uploads\/2016\/05\/full_es-150x150.png 150w, https:\/\/www.wandapps.com\/multilayer\/wp-content\/uploads\/2016\/05\/full_es-250x250.png 250w, https:\/\/www.wandapps.com\/multilayer\/wp-content\/uploads\/2016\/05\/full_es-174x174.png 174w\" sizes=\"(max-width: 150px) 100vw, 150px\" \/><\/a>\n<h4 class=\"pt-cv-title\"><a href=\"https:\/\/www.wandapps.com\/multilayer\/description-es\/\" class=\"_self\" target=\"_self\" >Descripci\u00f3n (Espa\u00f1ol)<\/a><\/h4>\n<div class=\"pt-cv-content\">MultiLayer permite editar fotos con infinidad de posibilidades. Podr\u00e1s partir de una foto que hagas, elegir una foto de tu ...<br \/><a href=\"https:\/\/www.wandapps.com\/multilayer\/description-es\/\" class=\"_self pt-cv-readmore btn btn-success\" target=\"_self\">Read More<\/a><\/div><\/div><\/div>\n<div class=\"col-md-4 col-sm-6 col-xs-12 pt-cv-content-item pt-cv-1-col\" ><div class='pt-cv-ifield'><a href=\"https:\/\/www.wandapps.com\/multilayer\/description-english\/\" class=\"_self pt-cv-href-thumbnail pt-cv-thumb-default\" target=\"_self\" ><img width=\"150\" height=\"150\" src=\"https:\/\/www.wandapps.com\/multilayer\/wp-content\/uploads\/2016\/05\/full_en-150x150.png\" class=\"pt-cv-thumbnail\" alt=\"\" decoding=\"async\" loading=\"lazy\" srcset=\"https:\/\/www.wandapps.com\/multilayer\/wp-content\/uploads\/2016\/05\/full_en-150x150.png 150w, https:\/\/www.wandapps.com\/multilayer\/wp-content\/uploads\/2016\/05\/full_en-250x250.png 250w, https:\/\/www.wandapps.com\/multilayer\/wp-content\/uploads\/2016\/05\/full_en-174x174.png 174w\" sizes=\"(max-width: 150px) 100vw, 150px\" \/><\/a>\n<h4 class=\"pt-cv-title\"><a href=\"https:\/\/www.wandapps.com\/multilayer\/description-english\/\" class=\"_self\" target=\"_self\" >Description (English)<\/a><\/h4>\n<div class=\"pt-cv-content\">MultiLayer lets you edit photos with endless possibilities. Start with a blank (transparent) picture, a photo selected from your gallery ...<br \/><a href=\"https:\/\/www.wandapps.com\/multilayer\/description-english\/\" class=\"_self pt-cv-readmore btn btn-success\" target=\"_self\">Read More<\/a><\/div><\/div><\/div><\/div><\/div><\/div><\/div>\n\t\t\t\t<\/div>\n\t\t\t\t<\/div>\n\t\t\t\t\t<\/div>\n\t\t<\/div>\n\t\t\t\t\t\t\t<\/div>\n\t\t<\/section>\n\t\t\t\t\t\t\t<\/div>\n\t\t","protected":false},"excerpt":{"rendered":"<p>FULL FEATURED PHOTO EDITOR FOR ANDROID MULTIPLE LAYERS Edit each layer independently. Manage Transparency. Erase Background. Merge Layers&#8230; SETTINGS Adjust Brightness, Contrast, Saturation, Hue and RGB levels FRAMES Hundreds of frames available to download and apply to your photos. FILTERS Smooth, blur, mosaic, sharpen, invert (negative), binary, vignette, grayscales, sepia, vintage filters, etc \u2026 Hundreds &hellip;<\/p>\n<p class=\"read-more\"> <a class=\"\" href=\"https:\/\/www.wandapps.com\/multilayer\/\"> <span class=\"screen-reader-text\">Home<\/span> Read More &raquo;<\/a><\/p>\n","protected":false},"author":1,"featured_media":0,"parent":0,"menu_order":0,"comment_status":"closed","ping_status":"closed","template":"","meta":{"site-sidebar-layout":"default","site-content-layout":"default","ast-global-header-display":"","ast-main-header-display":"","ast-hfb-above-header-display":"","ast-hfb-below-header-display":"","ast-hfb-mobile-header-display":"","site-post-title":"","ast-breadcrumbs-content":"","ast-featured-img":"","footer-sml-layout":"","theme-transparent-header-meta":"","adv-header-id-meta":"","stick-header-meta":"","header-above-stick-meta":"","header-main-stick-meta":"","header-below-stick-meta":""},"_links":{"self":[{"href":"https:\/\/www.wandapps.com\/multilayer\/wp-json\/wp\/v2\/pages\/158"}],"collection":[{"href":"https:\/\/www.wandapps.com\/multilayer\/wp-json\/wp\/v2\/pages"}],"about":[{"href":"https:\/\/www.wandapps.com\/multilayer\/wp-json\/wp\/v2\/types\/page"}],"author":[{"embeddable":true,"href":"https:\/\/www.wandapps.com\/multilayer\/wp-json\/wp\/v2\/users\/1"}],"replies":[{"embeddable":true,"href":"https:\/\/www.wandapps.com\/multilayer\/wp-json\/wp\/v2\/comments?post=158"}],"version-history":[{"count":94,"href":"https:\/\/www.wandapps.com\/multilayer\/wp-json\/wp\/v2\/pages\/158\/revisions"}],"predecessor-version":[{"id":279,"href":"https:\/\/www.wandapps.com\/multilayer\/wp-json\/wp\/v2\/pages\/158\/revisions\/279"}],"wp:attachment":[{"href":"https:\/\/www.wandapps.com\/multilayer\/wp-json\/wp\/v2\/media?parent=158"}],"curies":[{"name":"wp","href":"https:\/\/api.w.org\/{rel}","templated":true}]}}